{"id":3541,"date":"2022-11-27T22:13:18","date_gmt":"2022-11-27T21:13:18","guid":{"rendered":"https:\/\/levieilhome.fr\/?page_id=3541"},"modified":"2022-11-27T22:19:19","modified_gmt":"2022-11-27T21:19:19","slug":"rgpd","status":"publish","type":"page","link":"https:\/\/levieilhome.fr\/index.php\/rgpd\/","title":{"rendered":"Politique de confidentialit\u00e9"},"content":{"rendered":"<div data-colibri-id=\"3541-c1\" class=\"style-786 style-local-3541-c1 position-relative\">\n  <!---->\n  <div data-colibri-component=\"section\" data-colibri-id=\"3541-c2\" id=\"blank\" class=\"h-section h-section-global-spacing d-flex align-items-lg-center align-items-md-center align-items-center style-787 style-local-3541-c2 position-relative\">\n    <!---->\n    <!---->\n    <div class=\"h-section-grid-container h-section-boxed-container\">\n      <!---->\n      <div data-colibri-id=\"3541-c3\" class=\"h-row-container gutters-row-lg-2 gutters-row-md-2 gutters-row-0 gutters-row-v-lg-2 gutters-row-v-md-2 gutters-row-v-2 style-788 style-local-3541-c3 position-relative\">\n        <!---->\n        <div class=\"h-row justify-content-lg-center justify-content-md-center justify-content-center align-items-lg-stretch align-items-md-stretch align-items-stretch gutters-col-lg-2 gutters-col-md-2 gutters-col-0 gutters-col-v-lg-2 gutters-col-v-md-2 gutters-col-v-2\">\n          <!---->\n          <div class=\"h-column h-column-container d-flex h-col-lg-12 h-col-md-12 h-col-12 style-789-outer style-local-3541-c4-outer\">\n            <div data-colibri-id=\"3541-c4\" class=\"d-flex h-flex-basis h-column__inner h-px-lg-2 h-px-md-2 h-px-2 v-inner-lg-2 v-inner-md-2 v-inner-2 style-789 style-local-3541-c4 position-relative\">\n              <!---->\n              <!---->\n              <div class=\"w-100 h-y-container h-column__content h-column__v-align flex-basis-100 align-self-lg-start align-self-md-start align-self-start\">\n                <!---->\n                <div data-colibri-id=\"3541-c10\" class=\"h-text h-text-component style-795 style-local-3541-c10 position-relative h-element\">\n                  <!---->\n                  <!---->\n                  <div class=\"\">\n                    <p><strong style=\"font-size: 32px; font-weight: 700; color: rgb(77, 73, 75);\">Politique de confidentialit\u00e9&nbsp;<\/strong><em style=\"font-size: 16px; font-weight: 400; color: rgb(77, 73, 75); font-family: &quot;Open Sans&quot;;\">(Date de r\u00e9vision : 27 novembre 2022)<\/em><\/p>\n                    <p><span style=\"color: rgb(77, 73, 75);\">La pr\u00e9sente charte sur le respect de la vie priv\u00e9e (la \u00ab Charte \u00bb) a pour objectif de formaliser notre engagement quant au respect de la vie priv\u00e9e des utilisateurs du site internet levieilhome.fr<\/span><\/p>\n                    <p><span style=\"color: rgb(77, 73, 75);\">Une donn\u00e9e \u00e0 caract\u00e8re personnel d\u00e9signe toutes informations permettant d\u2019identifier directement ou indirectement une personne physique (les \u00ab Donn\u00e9es Personnelles \u00bb). Nous collectons et traitons des Donn\u00e9es personnelles dans le cadre de la fourniture de nos Services ou de la communication \u00e0 propos de ces Services exclusivement, en stricte conformit\u00e9 avec la loi \u00ab informatique et libert\u00e9s \u00bb n\u00b0 78-17 du 6 janvier 1978 modifi\u00e9e. Les donn\u00e9es collect\u00e9es sont indispensables \u00e0 ces traitements. Il ne vous sera jamais demand\u00e9 de renseigner des donn\u00e9es personnelles dites \u00absensibles\u00bb, telles que vos origines ethniques, vos opinions politiques, philosophiques ou religieuses.<\/span><\/p>\n                    <p><span style=\"color: rgb(77, 73, 75);\">En naviguant sur notre site vous nous autorisez \u00e0 traiter vos Donn\u00e9es Personnelles conform\u00e9ment \u00e0 la Charte. Si vous refusez les termes de cette Charte, veuillez vous abstenir d\u2019utiliser le Site internet.<\/span><\/p>\n                    <p><strong style=\"color: rgb(77, 73, 75); font-weight: 700;\">1. Dans quels cas collectons-nous vos Donn\u00e9es Personnelles ?<\/strong><\/p>\n                    <p><span style=\"color: rgb(77, 73, 75);\">Nous  recueillons et conservons vos Donn\u00e9es Personnelles, notamment lorsque vous :<\/span><\/p>\n                    <ul>\n                      <li><span style=\"font-weight: 400; font-size: 16px; font-family: &quot;Open Sans&quot;; color: rgb(77, 73, 75);\">effectuez une r\u00e9servation<\/span><\/li>\n                      <li><span style=\"color: rgb(77, 73, 75);\">nous contactez<\/span><\/li>\n                    <\/ul>\n                    <p><strong style=\"color: rgb(77, 73, 75); font-weight: 700;\">2.&nbsp;&nbsp;&nbsp;&nbsp;Comment prot\u00e9geons-nous vos Donn\u00e9es Personnelles ?<\/strong><\/p>\n                    <p><span style=\"color: rgb(77, 73, 75);\">Nous avons mis en place des mesures de s\u00e9curit\u00e9 techniques et organisationnelles en vue de garantir la s\u00e9curit\u00e9, l\u2019int\u00e9grit\u00e9 et la confidentialit\u00e9 de toutes vos Donn\u00e9es Personnelles, afin d\u2019emp\u00eacher que celles-ci soient d\u00e9form\u00e9es, endommag\u00e9es ou que des tiers non autoris\u00e9s y aient acc\u00e8s. Nous assurons un niveau de s\u00e9curit\u00e9 adapt\u00e9 aux risques li\u00e9s au traitement et \u00e0 la nature des donn\u00e9es \u00e0 prot\u00e9ger, eu \u00e9gard au niveau technologique et au co\u00fbt de mise en \u0153uvre.<\/span><\/p>\n                    <p><span style=\"color: rgb(77, 73, 75);\">Toutefois aucune m\u00e9thode de transmission de donn\u00e9es via le r\u00e9seau internet ou de stockage \u00e9lectronique n\u2019est en mesure de garantir 100% de s\u00e9curit\u00e9. En cons\u00e9quence, nous ne sommes malheureusement pas en mesure de garantir une s\u00e9curit\u00e9 absolue \u00e0 vos Donn\u00e9es Personnelles.<\/span><\/p>\n                    <p><strong style=\"color: rgb(77, 73, 75); font-weight: 700;\">3.&nbsp;&nbsp;&nbsp;&nbsp;Comment utilisons-nous vos Donn\u00e9es Personnelles ?<\/strong><\/p>\n                    <p><span style=\"color: rgb(77, 73, 75);\">Nous utilisons vos Donn\u00e9es Personnelles pour permettre de r\u00e9pondre \u00e0 vos demandes sp\u00e9cifiques.<\/span><\/p>\n                    <p><span style=\"color: rgb(77, 73, 75);\">Si vous avez d\u00e9cid\u00e9 de recevoir des courriels et mini messages de notre part lors de la cr\u00e9ation de votre Compte, vous recevrez alors des messages \u00e9lectroniques et alphanum\u00e9riques portant sur nos produits, services et promotions. Nous utiliserons alors les Donn\u00e9es Personnelles que vous avez fournies lors de votre enregistrement. Vous pouvez vous d\u00e9sabonner de ces envois \u00e0 tout moment en adressant cette demande \u00e0 l\u2019adresse contact@levieilhome.fr<\/span><\/p>\n                    <p><strong style=\"color: rgb(77, 73, 75); font-weight: 700;\">4.&nbsp;&nbsp;&nbsp;&nbsp;Dans quels cas partageons-nous vos Donn\u00e9es Personnelles ?<\/strong><\/p>\n                    <p><span style=\"color: rgb(77, 73, 75);\">Nous nous engageons \u00e0 ne pas divulguer vos Donn\u00e9es Personnelles \u00e0 un tiers sans obtenir votre autorisation expresse et pr\u00e9alable. Nous pouvons \u00eatre amen\u00e9 \u00e0 divulguer des Donn\u00e9es Personnelles aux autorit\u00e9s administrative ou judiciaire lorsque leur divulgation est n\u00e9cessaire \u00e0 l\u2019identification, l\u2019interpellation ou la poursuite en justice de tout individu susceptible de porter pr\u00e9judice \u00e0 nos droits, de tout autre utilisateur ou d\u2019un tiers. Nous pouvons enfin \u00eatre l\u00e9galement tenu de divulguer des Donn\u00e9es Personnelles et ne pouvons dans ce cas nous y opposer.<\/span><\/p>\n                    <p><strong style=\"color: rgb(77, 73, 75); font-weight: 700;\">5.&nbsp;&nbsp;&nbsp;&nbsp;Combien de temps conservons-nous vos Donn\u00e9es Personnelles ?<\/strong><\/p>\n                    <p><span style=\"color: rgb(77, 73, 75);\">Nous ne conserverons vos Donn\u00e9es Personnelles que le temps de traiter vos demandes (jusqu\u2019\u00e0 2 ans).<\/span><\/p>\n                    <p><strong style=\"color: rgb(77, 73, 75); font-weight: 700;\">6.&nbsp;&nbsp;&nbsp;&nbsp;Cookies : comment les utilisons-nous ?<\/strong><\/p>\n                    <p><span style=\"color: rgb(77, 73, 75);\">6.1&nbsp;&nbsp;&nbsp;&nbsp;&nbsp;&nbsp;Qu\u2019est ce qu\u2019un cookie ?<\/span><\/p>\n                    <p><span style=\"color: rgb(77, 73, 75);\">Un cookie est un fichier texte susceptible d\u2019\u00eatre enregistr\u00e9 dans un terminal lors de la consultation d\u2019un service en ligne avec un logiciel de navigation. Un fichier cookie permet \u00e0 son \u00e9metteur, pendant sa dur\u00e9e de validit\u00e9, de reconna\u00eetre le terminal concern\u00e9 \u00e0 chaque fois que ce terminal acc\u00e8de \u00e0 un contenu num\u00e9rique comportant des cookies du m\u00eame \u00e9metteur.<\/span><\/p>\n                    <p><span style=\"color: rgb(77, 73, 75);\">6.2&nbsp;&nbsp;&nbsp;&nbsp;&nbsp;&nbsp;A quoi servent les cookies \u00e9mis sur notre Site ?<\/span><\/p>\n                    <p><span style=\"color: rgb(77, 73, 75);\">Les cookies que nous \u00e9mettons nous permettent :<\/span><\/p>\n                    <p><span style=\"color: rgb(77, 73, 75);\">\u2013 d\u2019\u00e9tablir des statistiques et volumes de fr\u00e9quentation et d\u2019utilisation des diverses \u00e9l\u00e9ments composant notre Site, nos services ou nos Chatbot (rubriques et contenus visit\u00e9s, parcours), nous permettant d\u2019am\u00e9liorer l\u2019int\u00e9r\u00eat et l\u2019ergonomie de notre site, nos services et Chatbot<\/span><\/p>\n                    <p><span style=\"color: rgb(77, 73, 75);\">\u2013 d\u2019adapter la pr\u00e9sentation de notre Site,&nbsp;nos services ou nos Chatbot aux pr\u00e9f\u00e9rences d\u2019affichage de votre terminal (langue utilis\u00e9e, r\u00e9solution d\u2019affichage, syst\u00e8me d\u2019exploitation utilis\u00e9, etc\u2026) lors de vos visites sur notre Site ou de l\u2019utilisation de nos services ou nos Chatbot, selon les mat\u00e9riels et les logiciels de visualisation ou de lecture que votre terminal comporte<\/span><\/p>\n                    <p><span style=\"color: rgb(77, 73, 75);\">6.3&nbsp;&nbsp;&nbsp;&nbsp;&nbsp;&nbsp;Comment pouvez-vous contr\u00f4ler les cookies utilis\u00e9s ?<\/span><\/p>\n                    <p><span style=\"color: rgb(77, 73, 75);\">Vous pouvez \u00e0 tout moment configurer votre logiciel de navigation de mani\u00e8re \u00e0 ce que des cookies soient enregistr\u00e9s dans votre terminal ou, au contraire, qu\u2019ils soient rejet\u00e9s (soit syst\u00e9matiquement, soit selon leur \u00e9metteur). Vous pouvez \u00e9galement configurer votre logiciel de navigation de mani\u00e8re \u00e0 ce que l\u2019acceptation ou le refus des cookies vous soient propos\u00e9s ponctuellement, avant qu\u2019un cookie puisse \u00eatre enregistr\u00e9 dans votre terminal.<\/span><\/p>\n                    <p><strong style=\"color: rgb(77, 73, 75); font-weight: 700;\">7. Quels sont vos droits ?<\/strong><\/p>\n                    <p><span style=\"color: rgb(77, 73, 75);\">Conform\u00e9ment aux articles 38, 39 et 40 de la Loi n\u00b0 78-17 du 6 janvier 1978 modifi\u00e9e relative \u00e0 l\u2019informatique, aux fichiers et aux libert\u00e9s, vous disposez d\u2019un droit d\u2019interrogation et d\u2019acc\u00e8s aux Donn\u00e9es Personnelles vous concernant, d\u2019un droit de rectification et de suppression concernant ces donn\u00e9es, ainsi que d\u2019un droit d\u2019opposition pour motif l\u00e9gitime \u00e0 leur utilisation. Vous pouvez \u00e9galement vous opposer au traitement de vos Donn\u00e9es Personnelles \u00e0 des fins de prospection.<\/span><\/p>\n                    <p><span style=\"color: rgb(77, 73, 75);\">Vous pouvez nous contacte afin de mettre en \u0153uvre votre droit d\u2019opposition, d\u2019interrogation, d\u2019acc\u00e8s, de rectification ou de retrait des donn\u00e9es \u00e0 l\u2019adresse \u00e9lectronique suivante: contact@levieilhome.fr<\/span><\/p>\n                    <p><span style=\"color: rgb(77, 73, 75);\">Par ailleurs, vous pouvez \u00e0 tout moment vous d\u00e9sabonner de notre newsletter en envoyant un message \u00e0 l\u2019adresse suivante :&nbsp;contact@levieilhome<\/span><\/p>\n                    <p><strong style=\"color: rgb(77, 73, 75); font-weight: 700;\">8.&nbsp;&nbsp;&nbsp;&nbsp;Pouvons-nous modifier la Charte ?<\/strong><\/p>\n                    <p><span style=\"color: rgb(77, 73, 75);\">Nous nous r\u00e9servons le droit de modifier la Charte \u00e0 tout moment. Il est vous est donc recommand\u00e9 de la consulter r\u00e9guli\u00e8rement. En cas de modification, nous publierons ces changements sur cette page et aux endroits que nous jugerons appropri\u00e9s pour que vous sachiez quelles informations nous collectons, comment nous les utilisons, dans quelles circonstances, et le cas \u00e9ch\u00e9ant, comment nous les divulguons. Si nous apportons des modifications mat\u00e9rielles, nous vous en informerons au moyen d\u2019un email ou d\u2019un avertissement sur ce site avant la mise en application de la modification.<\/span><\/p>\n                    <p><span style=\"color: rgb(77, 73, 75);\">Votre utilisation du Site ou de nos services apr\u00e8s toute modification signifie que vous acceptez ces modifications. Si vous n\u2019acceptez pas certaines modifications substantielles apport\u00e9es \u00e0 la pr\u00e9sente Charte, vous devez arr\u00eater d\u2019utiliser le Site et\/ou les services propos\u00e9s par le site levieilhome.fr<\/span><\/p>\n                    <p><strong style=\"color: rgb(77, 73, 75); font-weight: 700;\">9.&nbsp;&nbsp;&nbsp;&nbsp;Comment nous contacter ?<\/strong><\/p>\n                    <p><span style=\"color: rgb(77, 73, 75);\">Pour toute question, merci de nous contacter \u00e0 l\u2019adresse suivante : virginie@levieilhome.fr<\/span><\/p>\n                    <p>\n                      <br>\n                    <\/p>\n                  <\/div>\n                <\/div>\n              <\/div>\n            <\/div>\n          <\/div>\n        <\/div>\n      <\/div>\n    <\/div>\n  <\/div>\n<\/div>","protected":false},"excerpt":{"rendered":"<p>Politique de confidentialit\u00e9&nbsp;(Date de r\u00e9vision : 27 novembre 2022) La pr\u00e9sente charte sur le respect de la vie priv\u00e9e (la \u00ab Charte \u00bb) a pour objectif de formaliser notre engagement quant au respect de la vie priv\u00e9e des utilisateurs du site internet levieilhome.fr Une donn\u00e9e \u00e0 caract\u00e8re personnel d\u00e9signe toutes informations permettant d\u2019identifier directement ou [&hellip;]<\/p>\n","protected":false},"author":1,"featured_media":0,"parent":0,"menu_order":0,"comment_status":"closed","ping_status":"closed","template":"page-templates\/full-width-page.php","meta":{"footnotes":""},"class_list":["post-3541","page","type-page","status-publish","hentry"],"yoast_head":"<!-- This site is optimized with the Yoast SEO plugin v27.5 - https:\/\/yoast.com\/product\/yoast-seo-wordpress\/ -->\n<title>Politique de confidentialit\u00e9 - Le Vieil Home<\/title>\n<meta name=\"robots\" content=\"index, follow, max-snippet:-1, max-image-preview:large, max-video-preview:-1\" \/>\n<link rel=\"canonical\" href=\"https:\/\/levieilhome.fr\/index.php\/rgpd\/\" \/>\n<meta property=\"og:locale\" content=\"fr_FR\" \/>\n<meta property=\"og:type\" content=\"article\" \/>\n<meta property=\"og:title\" content=\"Politique de confidentialit\u00e9 - Le Vieil Home\" \/>\n<meta property=\"og:description\" content=\"Politique de confidentialit\u00e9&nbsp;(Date de r\u00e9vision : 27 novembre 2022) La pr\u00e9sente charte sur le respect de la vie priv\u00e9e (la \u00ab Charte \u00bb) a pour objectif de formaliser notre engagement quant au respect de la vie priv\u00e9e des utilisateurs du site internet levieilhome.fr Une donn\u00e9e \u00e0 caract\u00e8re personnel d\u00e9signe toutes informations permettant d\u2019identifier directement ou [&hellip;]\" \/>\n<meta property=\"og:url\" content=\"https:\/\/levieilhome.fr\/index.php\/rgpd\/\" \/>\n<meta property=\"og:site_name\" content=\"Le Vieil Home\" \/>\n<meta property=\"article:modified_time\" content=\"2022-11-27T21:19:19+00:00\" \/>\n<meta name=\"twitter:card\" content=\"summary_large_image\" \/>\n<meta name=\"twitter:label1\" content=\"Dur\u00e9e de lecture estim\u00e9e\" \/>\n\t<meta name=\"twitter:data1\" content=\"6 minutes\" \/>\n<script type=\"application\/ld+json\" class=\"yoast-schema-graph\">{\"@context\":\"https:\\\/\\\/schema.org\",\"@graph\":[{\"@type\":\"WebPage\",\"@id\":\"https:\\\/\\\/levieilhome.fr\\\/index.php\\\/rgpd\\\/\",\"url\":\"https:\\\/\\\/levieilhome.fr\\\/index.php\\\/rgpd\\\/\",\"name\":\"Politique de confidentialit\u00e9 - Le Vieil Home\",\"isPartOf\":{\"@id\":\"https:\\\/\\\/levieilhome.fr\\\/#website\"},\"datePublished\":\"2022-11-27T21:13:18+00:00\",\"dateModified\":\"2022-11-27T21:19:19+00:00\",\"breadcrumb\":{\"@id\":\"https:\\\/\\\/levieilhome.fr\\\/index.php\\\/rgpd\\\/#breadcrumb\"},\"inLanguage\":\"fr-FR\",\"potentialAction\":[{\"@type\":\"ReadAction\",\"target\":[\"https:\\\/\\\/levieilhome.fr\\\/index.php\\\/rgpd\\\/\"]}]},{\"@type\":\"BreadcrumbList\",\"@id\":\"https:\\\/\\\/levieilhome.fr\\\/index.php\\\/rgpd\\\/#breadcrumb\",\"itemListElement\":[{\"@type\":\"ListItem\",\"position\":1,\"name\":\"Accueil\",\"item\":\"https:\\\/\\\/levieilhome.fr\\\/\"},{\"@type\":\"ListItem\",\"position\":2,\"name\":\"Politique de confidentialit\u00e9\"}]},{\"@type\":\"WebSite\",\"@id\":\"https:\\\/\\\/levieilhome.fr\\\/#website\",\"url\":\"https:\\\/\\\/levieilhome.fr\\\/\",\"name\":\"Le Vieil Home\",\"description\":\"Au pied de la cit\u00e9 m\u00e9di\u00e9vale\",\"publisher\":{\"@id\":\"https:\\\/\\\/levieilhome.fr\\\/#organization\"},\"potentialAction\":[{\"@type\":\"SearchAction\",\"target\":{\"@type\":\"EntryPoint\",\"urlTemplate\":\"https:\\\/\\\/levieilhome.fr\\\/?s={search_term_string}\"},\"query-input\":{\"@type\":\"PropertyValueSpecification\",\"valueRequired\":true,\"valueName\":\"search_term_string\"}}],\"inLanguage\":\"fr-FR\"},{\"@type\":\"Organization\",\"@id\":\"https:\\\/\\\/levieilhome.fr\\\/#organization\",\"name\":\"Le Vieil Home\",\"url\":\"https:\\\/\\\/levieilhome.fr\\\/\",\"logo\":{\"@type\":\"ImageObject\",\"inLanguage\":\"fr-FR\",\"@id\":\"https:\\\/\\\/levieilhome.fr\\\/#\\\/schema\\\/logo\\\/image\\\/\",\"url\":\"https:\\\/\\\/levieilhome.fr\\\/wp-content\\\/uploads\\\/2022\\\/11\\\/cropped-logo-LVH.png\",\"contentUrl\":\"https:\\\/\\\/levieilhome.fr\\\/wp-content\\\/uploads\\\/2022\\\/11\\\/cropped-logo-LVH.png\",\"width\":1168,\"height\":1174,\"caption\":\"Le Vieil Home\"},\"image\":{\"@id\":\"https:\\\/\\\/levieilhome.fr\\\/#\\\/schema\\\/logo\\\/image\\\/\"},\"sameAs\":[\"https:\\\/\\\/www.instagram.com\\\/levieilhome\\\/\"]}]}<\/script>\n<!-- \/ Yoast SEO plugin. -->","yoast_head_json":{"title":"Politique de confidentialit\u00e9 - Le Vieil Home","robots":{"index":"index","follow":"follow","max-snippet":"max-snippet:-1","max-image-preview":"max-image-preview:large","max-video-preview":"max-video-preview:-1"},"canonical":"https:\/\/levieilhome.fr\/index.php\/rgpd\/","og_locale":"fr_FR","og_type":"article","og_title":"Politique de confidentialit\u00e9 - Le Vieil Home","og_description":"Politique de confidentialit\u00e9&nbsp;(Date de r\u00e9vision : 27 novembre 2022) La pr\u00e9sente charte sur le respect de la vie priv\u00e9e (la \u00ab Charte \u00bb) a pour objectif de formaliser notre engagement quant au respect de la vie priv\u00e9e des utilisateurs du site internet levieilhome.fr Une donn\u00e9e \u00e0 caract\u00e8re personnel d\u00e9signe toutes informations permettant d\u2019identifier directement ou [&hellip;]","og_url":"https:\/\/levieilhome.fr\/index.php\/rgpd\/","og_site_name":"Le Vieil Home","article_modified_time":"2022-11-27T21:19:19+00:00","twitter_card":"summary_large_image","twitter_misc":{"Dur\u00e9e de lecture estim\u00e9e":"6 minutes"},"schema":{"@context":"https:\/\/schema.org","@graph":[{"@type":"WebPage","@id":"https:\/\/levieilhome.fr\/index.php\/rgpd\/","url":"https:\/\/levieilhome.fr\/index.php\/rgpd\/","name":"Politique de confidentialit\u00e9 - Le Vieil Home","isPartOf":{"@id":"https:\/\/levieilhome.fr\/#website"},"datePublished":"2022-11-27T21:13:18+00:00","dateModified":"2022-11-27T21:19:19+00:00","breadcrumb":{"@id":"https:\/\/levieilhome.fr\/index.php\/rgpd\/#breadcrumb"},"inLanguage":"fr-FR","potentialAction":[{"@type":"ReadAction","target":["https:\/\/levieilhome.fr\/index.php\/rgpd\/"]}]},{"@type":"BreadcrumbList","@id":"https:\/\/levieilhome.fr\/index.php\/rgpd\/#breadcrumb","itemListElement":[{"@type":"ListItem","position":1,"name":"Accueil","item":"https:\/\/levieilhome.fr\/"},{"@type":"ListItem","position":2,"name":"Politique de confidentialit\u00e9"}]},{"@type":"WebSite","@id":"https:\/\/levieilhome.fr\/#website","url":"https:\/\/levieilhome.fr\/","name":"Le Vieil Home","description":"Au pied de la cit\u00e9 m\u00e9di\u00e9vale","publisher":{"@id":"https:\/\/levieilhome.fr\/#organization"},"potentialAction":[{"@type":"SearchAction","target":{"@type":"EntryPoint","urlTemplate":"https:\/\/levieilhome.fr\/?s={search_term_string}"},"query-input":{"@type":"PropertyValueSpecification","valueRequired":true,"valueName":"search_term_string"}}],"inLanguage":"fr-FR"},{"@type":"Organization","@id":"https:\/\/levieilhome.fr\/#organization","name":"Le Vieil Home","url":"https:\/\/levieilhome.fr\/","logo":{"@type":"ImageObject","inLanguage":"fr-FR","@id":"https:\/\/levieilhome.fr\/#\/schema\/logo\/image\/","url":"https:\/\/levieilhome.fr\/wp-content\/uploads\/2022\/11\/cropped-logo-LVH.png","contentUrl":"https:\/\/levieilhome.fr\/wp-content\/uploads\/2022\/11\/cropped-logo-LVH.png","width":1168,"height":1174,"caption":"Le Vieil Home"},"image":{"@id":"https:\/\/levieilhome.fr\/#\/schema\/logo\/image\/"},"sameAs":["https:\/\/www.instagram.com\/levieilhome\/"]}]}},"jetpack_sharing_enabled":true,"_links":{"self":[{"href":"https:\/\/levieilhome.fr\/index.php\/wp-json\/wp\/v2\/pages\/3541","targetHints":{"allow":["GET"]}}],"collection":[{"href":"https:\/\/levieilhome.fr\/index.php\/wp-json\/wp\/v2\/pages"}],"about":[{"href":"https:\/\/levieilhome.fr\/index.php\/wp-json\/wp\/v2\/types\/page"}],"author":[{"embeddable":true,"href":"https:\/\/levieilhome.fr\/index.php\/wp-json\/wp\/v2\/users\/1"}],"replies":[{"embeddable":true,"href":"https:\/\/levieilhome.fr\/index.php\/wp-json\/wp\/v2\/comments?post=3541"}],"version-history":[{"count":2,"href":"https:\/\/levieilhome.fr\/index.php\/wp-json\/wp\/v2\/pages\/3541\/revisions"}],"predecessor-version":[{"id":3545,"href":"https:\/\/levieilhome.fr\/index.php\/wp-json\/wp\/v2\/pages\/3541\/revisions\/3545"}],"wp:attachment":[{"href":"https:\/\/levieilhome.fr\/index.php\/wp-json\/wp\/v2\/media?parent=3541"}],"curies":[{"name":"wp","href":"https:\/\/api.w.org\/{rel}","templated":true}]}}